ns digit of 116861?
6
What is the ten thousands digit of 131949?
3
What is the thousands digit of 11017188?
7
What is the ten millions digit of 11968873?
1
What is the hundreds digit of 16873?
8
What is the ten thousands digit of 432925?
3
What is the hundreds digit of 1490011?
0
What is the thousands digit of 7213405?
3
What is the ten thousands digit of 69877?
6
What is the ten thousands digit of 7310401?
1
What is the ten millions digit of 22925954?
2
What is the thousands digit of 2992459?
2
What is the tens digit of 7620157?
5
What is the hundred thousands digit of 1021624?
0
What is the ten thousands digit of 14407?
1
What is the units digit of 510883?
3
What is the millions digit of 2614925?
2
What is the thousands digit of 15865252?
5
What is the ten thousands digit of 100768?
0
What is the units digit of 1370869?
9
What is the tens digit of 123658?
5
What is the hundred thousands digit of 2648461?
6
What is the thousands digit of 141647?
1
What is the ten thousands digit of 810566?
1
What is the tens digit of 5877813?
1
What is the units digit of 1835973?
3
What is the ten millions digit of 10286155?
1
What is the millions digit of 5503352?
5
What is the hundreds digit of 1355617?
6
What is the thousands digit of 160854?
0
What is the ten thousands digit of 92635?
9
What is the ten thousands digit of 3794336?
9
What is the hundreds digit of 6634885?
8
What is the thousands digit of 3987811?
7
What is the ten millions digit of 10944300?
1
What is the hundred thousands digit of 488020?
4
What is the hundred thousands digit of 352324?
3
What is the tens digit of 739452?
5
What is the hundreds digit of 2403216?
2
What is the thousands digit of 319010?
9
What is the thousands digit of 170361?
0
What is the millions digit of 1995746?
1
What is the hundreds digit of 3300133?
1
What is the tens digit of 10268774?
7
What is the units digit of 112555?
5
What is the hundred thousands digit of 268311?
2
What is the ten thousands digit of 9511864?
1
What is the units digit of 986599?
9
What is the thousands digit of 2020817?
0
What is the units digit of 2967537?
7
What is the units digit of 13741383?
3
What is the tens digit of 422417?
1
What is the tens digit of 7204902?
0
What is the tens digit of 104627?
2
What is the millions digit of 20527406?
0
What is the tens digit of 32128?
2
What is the units digit of 3434957?
7
What is the hundred thousands digit of 4038781?
0
What is the thousands digit of 14050963?
0
What is the thousands digit of 140301?
0
What is the hundreds digit of 271542?
5
What is the tens digit of 6773441?
4
What is the hundred thousands digit of 336186?
3
What is the hundred thousands digit of 1574182?
5
What is the thousands digit of 2891657?
1
What is the tens digit of 4655?
5
What is the units digit of 12545970?
0
What is the hundred thousands digit of 9295637?
2
What is the tens digit of 30451465?
6
What is the hundred thousands digit of 7135578?
1
What is the hundreds digit of 4839681?
6
What is the ten thousands digit of 9411463?
1
What is the ten millions digit of 21839468?
2
What is the tens digit of 670132?
3
What is the ten thousands digit of 256091?
5
What is the tens digit of 2210236?
3
What is the units digit of 247402?
2
What is the millions digit of 6555008?
6
What is the thousands digit of 294275?
4
What is the hundreds digit of 282090?
0
What is the units digit of 2295182?
2
What is the hundred thousands digit of 2739888?
7
What is the millions digit of 1053219?
1
What is the hundred thousands digit of 6074710?
0
What is the tens digit of 141172?
7
What is the ten thousands digit of 101332?
0
What is the tens digit of 188519?
1
What is the ten thousands digit of 35303?
3
What is the hundreds digit of 2385216?
2
What is the thousands digit of 437670?
7
What is the hundred thousands digit of 4510661?
5
What is the millions digit of 3839672?
3
What is the ten thousands digit of 641028?
4
What is the tens digit of 891186?
8
What is the tens digit of 2243561?
6
What is the hundreds digit of 296962?
9
What is the tens digit of 54751?
5
What is the hundred thousands digit of 1116773?
1
What is the ten thousands digit of 389603?
8
What is the units digit of 4445395?
5
What is the millions digit of 1364586?
1
What is the millions digit of 6483288?
6
What is the millions digit of 5966058?
5
What is the hundreds digit of 810138?
1
What is the thousands digit of 1224267?
4
What is the units digit of 3461713?
3
What is the thousands digit of 2207951?
7
What is the thousands digit of 698323?
8
What is the thousands digit of 670775?
0
What is the units digit of 1077440?
0
What is the ten thousands digit of 854905?
5
What is the hundreds digit of 708655?
6
What is the units digit of 7706710?
0
What is the thousands digit of 1238321?
8
What is the hundreds digit of 161355?
3
What is the units digit of 17121525?
5
What is the ten thousands digit of 3613916?
1
What is the tens digit of 1085591?
9
What is the units digit of 51339?
9
What is the millions digit of 2796251?
2
What is the hundred thousands digit of 2339275?
3
What is the tens digit of 1062915?
1
What is the millions digit of 4575131?
4
What is the hundred thousands digit of 17894900?
8
What is the thousands digit of 11171535?
1
What is the tens digit of 1876310?
1
What is the tens digit of 169446?
4
What is the tens digit of 718014?
1
What is the ten thousands digit of 172732?
7
What is the units digit of 5615585?
5
What is the thousands digit of 25831?
5
What is the hundreds digit of 43502?
5
What is the tens digit of 20634850?
5
What is the tens digit of 1908059?
5
What is the tens digit of 8675466?
6
What is the units digit of 409955?
5
What is the hundreds digit of 198211?
2
What is the hundred thousands digit of 1660145?
6
What is the tens digit of 91622?
2
What is the ten thousands digit of 503047?
0
What is the thousands digit of 1043762?
3
What is the tens digit of 244852?
5
What is the ten thousands digit of 222280?
2
What is the hundreds digit of 11496449?
4
What is the hundred thousands digit of 1895675?
8
What is the ten thousands digit of 96240?
9
What is the hundreds digit of 2894547?
5
What is the tens digit of 1221479?
7
What is the thousands digit of 688573?
8
What is the thousands digit of 244652?
4
What is the hundred thousands digit of 9681738?
6
What is the tens digit of 626095?
9
What is the thousands digit of 4349785?
9
What is the hundred thousands digit of 1259368?
2
What is the units digit of 552038?
8
What is the ten thousands digit of 13524834?
2
What is the hundreds digit of 444407?
4
What is the thousands digit of 7035756?
5
What is the hundred thousands digit of 3897865?
8
What is the thousands digit of 7585427?
5
What is the tens digit of 4900501?
0
What is the tens digit of 526727?
2
What is the thousands digit of 5394621?
4
What is the thousands digit of 173276?
3
What is the hundred thousands digit of 1473693?
4
What is the hundred thousands digit of 293568?
2
What is the tens digit of 818088?
8
What is the hundred thousands digit of 265696?
2
What is the hundreds digit of 13726126?
1
What is the hundred thousands digit of 588409?
5
What is the hundred thousands digit of 290491?
2
What is the ten thousands digit of 95842?
9
What is the units digit of 54400?
0
What is the hundred thousands digit of 831212?
8
What is the hundreds digit of 450441?
4
What is the units digit of 6679772?
2
What is the ten thousands digit of 5203752?
0
What is the thousands digit of 916962?
6
What is the ten thousands digit of 449629?
4
What is the hundred thousands digit of 14159448?
1
What is the hundreds digit of 229184?
1
What is the hundreds digit of 34449?
4
What is the millions digit of 13118541?
3
What is the ten thousands digit of 644517?
4
What is the millions digit of 7683185?
7
What is the hundreds digit of 2394594?
5
What is the units digit of 1880232?
2
What is the ten millions digit of 24374720?
2
What is the ten thousands digit of 156240?
5
What is the ten thousands digit of 13315910?
1
What is the hundred thousands digit of 3102507?
1
What is the ten thousands digit of 118441?
1
What is the tens digit of 16643226?
2
What is the tens digit of 9112870?
7
What is the ten thousands digit of 3916155?
1
What is the thousands digit of 85741